z + 21. Suppose -o*q + 30 = -15. Is (((-714)/q)/(-1))/((-4)/(-6)) prime?
False
Let n(j) = -11*j + 21 + 22*j**2 - 46*j**2 + 25*j**2. Let p be n(10). Suppose 413 - p = 3*o. Is o a composite number?
True
Let b(h) = -215*h - 20. Let r be b(-6). Let v(p) = -3*p**2 - 9*p - 23. Let q be v(-10). Let t = q + r. Is t prime?
False
Let g be ((-207)/(-6))/(-3) + 6/(-12). Is -1*7780/g + (-2)/(-3) a prime number?
False
Let m(v) = v**3 - 9*v**2 - v + 22. Let h be m(9). Suppose 0 = 11*b - h*b + 710. Suppose 5*d - 2*c - 1799 = -c, d = -c + b. Is d a composite number?
False
Let h = 28037 + 60236. Is h a prime number?
False
Suppose 176*t + 7243435 = 261*t + 2339870. Is t composite?
False
Let p(o) be the first derivative of -13*o**5/20 - o**4/4 - o**3/2 - o**2/2 - 11*o - 16. Let i(h) be the first derivative of p(h). Is i(-2) prime?
True
Suppose -29*b + 69 = -52*b. Let n(z) = -15*z**3 - z + 2 + 7 - 4. Is n(b) composite?
True
Suppose -1002*u = -999*u - 12. Suppose 3*d + u*w - 24436 = 5*w, -d = -w - 8142. Is d a prime number?
True
Let k(v) be the third derivative of 811*v**6/180 - v**4/24 + 3*v**3/2 - 15*v**2. Let w(s) be the first derivative of k(s). Is w(-1) a prime number?
True
Let s(u) = 2958*u + 71. Is s(84) a prime number?
True
Suppose -1166 = -k - 4*c, -5*k + 2*k - 4*c = -3474. Is k composite?
True
Let i = -169 - 123. Let c = 583 + i. Is c a prime number?
False
Let u be -586*1*403/(-62). Suppose z - u = 8*o - 12*o, 0 = 5*z - 3*o - 19045. Is z prime?
False
Let z = -142 + 142. Suppose z = -p + 4*n + 28269, 3*p + 4*n = 8*n + 84823. Is p prime?
True
Let s be (5 + 6745/(-2))/((-6)/8). Suppose -18353 = -r - s. Is r composite?
True
Suppose -21 = 3*c, -5*z - 3*c + 2*c + 452398 = 0. Is z a prime number?
True
Let z = 8710 + -3884. Suppose -2*l - z = -5*q + l, 961 = q - 2*l. Is q a composite number?
False
Let g = -446751 - -122517. Is g/(-45)*(-35)/(-14) a prime number?
True
Let l be 50/(-4)*(-235680)/100. Let b = -19473 + l. Is b composite?
True
Is 4155318/21 - -15 - 2/7 composite?
False
Let z = -61 + 153. Let g be 54/12*z/(-6). Let y = -11 - g. Is y a prime number?
False
Let j(g) be the third derivative of 949*g**4/24 - g**3/2 + 60*g**2. Is j(4) a composite number?
False
Suppose 11 = 210*j - 209*j. Suppose 0 = 5*w + j*w - 33232. Is w composite?
True
Let z be 12*(-3)/(-2 + -1). Suppose -8 = -4*p, 2*q - z*p = -7*p + 5460. Is q prime?
False
Let m(d) = -16*d - 91. Let j(o) = -27*o - 9. Let f be j(0). Is m(f) prime?
True
Let f be ((-4)/(20/5))/(2/4). Let j be f*3/(24/5812). Let t = 2604 + j. Is t composite?
False
Let l(z) = -335967*z - 88. Is l(-1) a composite number?
False
Let p be (-1 - -6)*(32/(-5) + 4). Let f be 1*((-2)/6 - (-11504)/p). Let z = f + 1444. Is z prime?
False
Suppose 245*d + 16 = 253*d. Suppose 0*j - 20952 = -d*j + 2*o, 3*j + 2*o = 31413. Is j a prime number?
False
Suppose 7*p + 83 = 125. Is (6 - 125628/(-28)) + p/21 a composite number?
False
Let h(v) = -3600*v + 911. Is h(-6) prime?
True
Suppose 2*c - 12*c + 200 = 0. Suppose 0 = y - 5*y + c. Suppose y*q - 229 = -3*t + 3*q, 5*q + 99 = t. Is t a composite number?
False
Let i be ((-88)/77)/(12/(-70))*-3. Let w(l) = l**2 + 18*l - 29. Let s be w(i). Suppose -4*k + s*k = 5887. Is k composite?
True
Let c(x) = -9*x**2 - 28*x + 36. Let f be c(33). Let p = -7082 - f. Is p composite?
False
Suppose -5*i = -20, i - 55257 = -3*f + 29935. Let v = 40865 - f. Is v a composite number?
True
Let w(y) = 165*y**3 - 112*y**2 + 2366*y - 35. Is w(22) a composite number?
False
Let z(c) = -7*c**2 + 6*c**2 - c**2 + 19*c**3 - 3 + 8*c. Is z(4) a prime number?
True
Suppose 43*x - 45*x = -20496. Let y = 15505 - x. Is y a prime number?
False
Let o be -3*2/(-4)*(3 - 1). Suppose -o*z = 5*m + 90, 2*z + 72 = -4*m - z. Is (714/m)/(2/(-6)) prime?
False
Let w = 49939 + 330658. Is w a composite number?
True
Let i(j) = 645*j**2 - 55*j + 2. Let r be i(3). Suppose 2*f = 4*w - r, -2*f + 3*f = -2*w + 2815. Is w composite?
False
Suppose n + 7511 = 2*t, 2*t + 4*n + 18770 = 7*t. Suppose 0 = -2*i + 4*l + t, 6*i - 2*i - 3*l = 7541. Is i a prime number?
True
Is -52727*(-17)/((-323)/(-19)) prime?
True
Suppose 5*n - 5*p = n + 69, -4*p = 3*n - 13. Suppose n*l - 254143 = 105986. Is (-8)/(-48) - l/(-18) a composite number?
True
Let f(q) = 5208*q - 43. Let x be f(-2). Let k = 17780 + x. Is k a composite number?
False
Let l(g) = 676*g**2 + 236*g + 2539. Is l(-11) a composite number?
True
Let a = -46 - -58. Suppose -a*h = -14*h - 10. Let x(y) = -3*y**3 - 5*y**2 + 6*y + 6. Is x(h) a prime number?
False
Suppose 4*w = 2*x - 812, 5*x - 7*w = -6*w + 2003. Suppose 5*p = 9*p + x. Is p*52/(-8) + -1 prime?
False
Let s(f) = 8*f + 5. Let j be s(-10). Let k = j - -72. Let u(c) = -1486*c - 17. Is u(k) composite?
False
Suppose -5*r = -d - 119837, -17*r + 2*d - 23985 = -18*r. Is r prime?
False
Let u = 260 + -256. Let f(p) = 47*p - 97. Is f(u) a prime number?
False
Let j = -261375 + 376714. Is j prime?
False
Suppose 0 = 43*k - 41*k + 1858. Is (k/4)/(3/(-12)) composite?
False
Suppose -117263 + 347640 = b. Is b a prime number?
False
Let b = 115 + -631. Let i = 1229 + b. Is i a prime number?
False
Let z = 274896 - 187423. Is z a prime number?
True
Let i(j) = 23*j**3 + 3*j**2 + 8*j - 17. Suppose -9*r + 12*r = -3*v - 9, 3*v - 5 = -r. Let t be i(r). Let x = 11864 + t. Is x composite?
False
Let q be (8 - 9)/(279/139 + -2). Let f = q - -156. Suppose -f*t = -19*t + 4082. Is t a prime number?
False
Suppose 79*b - 81*b + 6 = 0. Let h = b - -540. Suppose -1522 - h = -7*u. Is u prime?
False
Let w be 1*(-6 + 0 - 2). Is (-26474)/(-16) + (-43)/w + -5 prime?
False
Suppose 5 = z, -6*v + 173 = -4*z - 299. Let g be -58*((-53)/2 - -1). Suppose 85*f = v*f + g. Is f a composite number?
True
Let h be (-8)/(-12) - (-2)/(-3). Let k(i) = -9*i + 401. Let v be k(44). Suppose h = -v*n + j + 2708, -2*n - n = -5*j - 1638. Is n composite?
False
Let q = 27 + -15. Suppose 0 = -q*d + 9638 + 58030. Is d prime?
True
Let h be (-45)/(-54) + (10/(-12) - -1). Is h + (-5792 - (-2 - -2))*-1 a composite number?
True
Suppose 5*y - 3*v = 1046210, 41*v = -2*y + 45*v + 418498. Is y a prime number?
False
Suppose -o + 5*f - 17 = -2*o, -4*o + f - 16 = 0. Let w be o/15 - 11/(-5). Suppose -3*q + 5*q = 3*s + 1434, -1434 = -w*q + 2*s. Is q a prime number?
False
Let x(g) = -g**2 + 14*g + 37. Let k be x(16). Suppose 37 = -s + 41. Is (-1 + s/2)*(k + 2366) prime?
True
Suppose 21312 + 19356 = -12*d. Let a = d - -9646. Is a a composite number?
False
Let q(a) = 1807958*a**2 + 49*a - 50. Is q(1) composite?
False
Let q(l) = 2*l**2 + 8*l + 6. Let o be q(-4). Let g be -1*(-3519)/(o/(-2)). Let w = g + 1804. Is w composite?
False
Let a(r) = -8052*r**3 + 26*r**2 - 9*r - 27. Is a(-4) composite?
True
Let g(h) = 2346*h + 893. Is g(8) composite?
False
Is (-236420)/(-14) - (-1528)/(-1337) prime?
False
Let p(a) = -11*a + 42. Let l be p(4). Is 3646*(l + (-20)/(-8)) composite?
False
Let f(a) = -a**2 - 18*a + 26. Let r be f(-18). Suppose 22*s = r*s - 2668. Is s a composite number?
True
Let n = 349 + -358. Let i(g) = 2 + 3*g - g**3 - g**3 + 5*g**2 + 9*g. Is i(n) a prime number?
False
Let q(o) = 26*o**3 + o + 2. Let p be q(4). Let f = 2403 - p. Is f a composite number?
False
Let v(o) = 81*o**2 - 9*o + 2. Suppose -70 = -19*k + 25. Is v(k) a composite number?
True
Let h(w) = 911*w + 1. Let k be h(1). Suppose s + 5*c + 875 = -187, -4*s + 3*c - 4133 = 0. Let d = k - s. Is d composite?
False
Let s = 1166 - -116223. Is s composite?
False
Let o = -28 - -28. Suppose -y + a = 1, -a = 3*y + 7 - o. Is ((-10)/(-4))/(y/(-52)) prime?
False
Let z = -3 - -6. Let p(g) = 14*g**2 - 6*g + 80. Let y be p(5). Suppose -z*o + 5*o - y = -2*u, 4*o = 4*u + 824. Is o prime?
False
Let x(p) = -2*p**2 + 25*p - 46. Let a be x(2). Let b(l) = 200*l**2 - 9*l - 19. Is b(a) a prime number?
True
Let a(j) be the first derivative of j**2 + 31*j + 1. Suppose 2*g - 5*x = 10, -4*g + 3*x = 4*x + 2. Is a(g) a prime number?
True
Let j be ((-5)/4)/(5/(-20)). Suppose 9*w = j*w + 7112. Suppose -321 + w = x. Is x prime?
False
Let w = -845 + 841. Suppose i + 3*i = 8. Is 1688/w*(-1)/i a prime number?
True
Let r be (3 + 0)*((-8)/(-6) + 0). Suppose 0*q + 4*n - 63132 = -r*q, 4*n = -2*q + 31558. Is q composite?
False
Suppose -417 = -11*i + 23. Is 22065*(-1 + (4 - i/15)) composite?
True
Suppose 1040*v - 672979 